 -394, -2*z + 4*q + 268 = 0. What are the prime factors of z?
2, 3, 11
Suppose 3*i + 77 = 5*s, 0*s - 5*i + 6 = 2*s. Suppose -3*v = -2 - 4. Let f = s - v. What are the prime factors of f?
11
Let h(t) = -4*t - 1. Let b be h(-2). Let d(p) = 8*p**2 - 4*p - 6*p + 4*p + 5 - p**3. List the prime factors of d(b).
2, 3
Let m(y) = 6*y**2 + 3*y + 2. Let p be m(-2). Let j = p + -11. What are the prime factors of j?
3
Suppose -2128 = 8*f - 16*f. List the prime factors of f.
2, 7, 19
Suppose -y + 17 = -b, -73 = 4*b + b + y. Let c be 4*b/(-6)*-1. Let z = 0 - c. List the prime factors of z.
2, 5
What are the prime factors of 4/(-18) - (-232)/(-108)*-15?
2
Let c be 3/((-12)/(-34))*2. Let u = c - 4. Let t = u + -3. What are the prime factors of t?
2, 5
Let k(g) = -3*g**2 - g + 2. Let p(x) = -7*x**2 - 3*x + 4. Let h(v) = -9*k(v) + 4*p(v). Let s be h(-4). List the prime factors of s/18 + (-7)/(-3).
2
Let i be 2 + 3 + -3 + 3. Let h(n) = 4*n - 2. List the prime factors of h(i).
2, 3
Let k = -21 + 5. Suppose 4*h + t + 4*t + 123 = 0, -24 = h - t. Let s = k - h. List the prime factors of s.
11
Let a = -10 - -40. What are the prime factors of a?
2, 3, 5
Suppose 19 = x + 4*l, 5*x - 66 = 2*l + 51. What are the prime factors of x?
23
Let g be (-4)/5*(-740)/(-8). Let a = g - -118. Suppose 4*k - a = -0*k. What are the prime factors of k?
11
Let f be (-2)/(-10) - 695/(-25). Suppose -4*j + 3*h = 7*h - 12, 4*j = 4*h + f. Let n = j - -9. List the prime factors of n.
2, 7
Let g(t) = t**3 - 11*t**2 + 11*t. List the prime factors of g(10).
2, 5
Let k = 49 - 10. List the prime factors of k.
3, 13
Suppose 0 = -3*w - 0 + 6. Suppose -w*b + o + 5 = 0, -b + 4*b - 4*o = 5. Suppose b*v + 45 = 3*y, y + 7*v = 3*v - 10. What are the prime factors of y?
2, 5
Let y(q) = -q**2 + 6*q + 9. Let i be y(7). Suppose w - 6 = 2*u + u, -i*u = -2. What are the prime factors of w?
3
Let j(w) = -2*w + 10. Let t be j(-9). Suppose 3*k = k - t. Let c = k + 21. List the prime factors of c.
7
Suppose 0*f + 320 = 5*f. Let s = f - 21. What are the prime factors of s?
43
Let a(o) = -1 + 4 - 2*o - o. Let s be a(5). What are the prime factors of (-38)/(-4) - 6/s?
2, 5
Suppose 2*o - 28 = 4*o. List the prime factors of ((-7)/o)/(1/22).
11
Let u be (1 - 2 - -7)/(-2). Let x be 2 + 3 + (0 - u). Suppose -j - 4*d = -9 - 5, 4*d - x = 0. What are the prime factors of j?
2, 3
What are the prime factors of (0 + 726/9)/((-6)/(-9))?
11
What are the prime factors of (-1953)/(-33) + 4/(-22)?
59
Let f = -1 - -6. Suppose 0 = -f*m + 2 + 8. What are the prime factors of (1 - m)/(2/(-32))?
2
Suppose 0 = -3*o + 3*i + 6, 0*i = o - 3*i. Suppose 0 = -o*g - g + 8. Suppose 2*w + g*w = 40. What are the prime factors of w?
2, 5
Let i = -10 - -5. Suppose 3*x = -4*f + 3 - 26, 4*f + 32 = -4*x. Let k = i - x. What are the prime factors of k?
2
Let z(w) = w**3 - 12*w**2 - 8*w - 30. List the prime factors of z(13).
5, 7
What are the prime factors of 125/(6 - 4 - 1)?
5
Suppose -4*z - 120 = -4*t, 0*t - 3*z = 3*t - 84. What are the prime factors of t?
29
Suppose -2*r - 1 = -k, -5*r - 1 = k - 3*k. Let y(j) = j**3 - 3*j**2 - 2*j + 2. Let v be y(k). Let n = v - -14. List the prime factors of n.
2, 5
Let s be 1 - (1 - 2)/(-1). Suppose -2*u + 18 + 50 = s. List the prime factors of u.
2, 17
Suppose 3*k + 6 = 0, 8*g - 3*g - 4 = -3*k. Let o be 0*(-2 - (-3 - -2)). List the prime factors of -11*(o - 2)/g.
11
Let q be (4*-1)/(-4)*-1. Let h(y) = 43*y**2 + y. List the prime factors of h(q).
2, 3, 7
Suppose -6*a = -11*a + 25. Let w = -3 + a. Suppose -w*q = -3*q + 12. List the prime factors of q.
2, 3
Let t(z) = -z**3 + 3*z**2 + 3. Let y be t(3). Let x(h) = h**3 - 2*h**3 - 7*h**y. What are the prime factors of x(-1)?
2
Let a(r) = -r**3 - 6*r**2 - 5*r + 2. Let u be a(-5). List the prime factors of (-58)/(-6) + u/6.
2, 5
Let z(d) = -d**2 + 5*d + 10. Let q(i) = i. Let m(s) = 3*q(s) + z(s). What are the prime factors of m(8)?
2, 5
Let x = 119 - -65. List the prime factors of x.
2, 23
Let d(a) = -a + 19. Let m be d(0). Suppose -m = c - y, 5*c + 101 = 3*y - 4*y. List the prime factors of ((-48)/c)/((-2)/(-10)).
2, 3
Let u(l) = 16*l - 8. Let n(g) = 16*g - 8. Let o(m) = -3*n(m) + 4*u(m). What are the prime factors of o(4)?
2, 7
Let q = 97 - 64. List the prime factors of q.
3, 11
Let b = 434 + -182. List the prime factors of b.
2, 3, 7
Let m = -14 - -8. Let v = m + 20. What are the prime factors of v?
2, 7
Let z(d) = -d**2 - 24*d - 35. List the prime factors of z(-15).
2, 5
Let g be (0 + -2 + 1)*0. Suppose -2*x = -w - 3*w - 6, 4*x - 5*w - 12 = g. Suppose x*v = 6 + 21. List the prime factors of v.
3
Let w = 0 + 2. Suppose w*m = m + 12. List the prime factors of m.
2, 3
Suppose 17*o - 430 = 12*o. What are the prime factors of o?
2, 43
Suppose -2*o = -0*o - 10. Suppose 2*h = o*h - 6. Suppose 2*k + h = 3*k. What are the prime factors of k?
2
Let z be (6/(-4))/(6/(-28)). What are the prime factors of (122*1)/(z + -5)?
61
Suppose 0*c = 5*c - 5. Let p = 71 + -62. What are the prime factors of (57/p - c)*3?
2
Let k(v) = v**2 - 3*v - 1. Let t be k(-5). Suppose 5*r - t - 31 = 0. What are the prime factors of r?
2, 7
Suppose u = 2, 0 = -3*b + b - u. Suppose 8*f - 3*f + 20 = 0. What are the prime factors of (f/(-3))/(b/(-6))?
2
Let t = -141 - -283. What are the prime factors of t?
2, 71
Let p(n) = 4*n**2 + n. Let z(f) = f**2 + 7*f - 1. Let v be z(-7). Let d be p(v). Suppose -2*l + 9 = l - d*r, 2*l - 4*r = -4. What are the prime factors of l?
2
Let r = 91 - 18. What are the prime factors of r?
73
Let o(f) = f**2 - 3*f - 2. Let w = 2 - -2. Let g be (-2 - 2/w)*-2. What are the prime factors of o(g)?
2
Suppose 8*r = 3*r + 35. Let z = r - 21. Let o = -8 - z. List the prime factors of o.
2, 3
Let u(o) = -o + 5. Let z be u(3). Let k = 2 + z. What are the prime factors of k?
2
Suppose -9*m + 3*m = -1194. What are the prime factors of m?
199
Suppose -578 - 250 = -4*b. What are the prime factors of b?
3, 23
Let k = 2 - 5. Let l = k - -4. What are the prime factors of (l*-2*4)/(-2)?
2
Let o = -4 + 30. What are the prime factors of o?
2, 13
Let c = -1 - -5. Let k be (-5)/c*-12*1. Suppose -w - 39 = -4*y - k, 3*y = w + 17. What are the prime factors of y?
7
Let s(h) = h**2 - 12*h + 12. Let c(w) = -w**3 - 7*w**2 - 7*w + 8. Let y be c(-6). What are the prime factors of s(y)?
2, 5
Suppose 5*g - 3*g = 76. List the prime factors of g.
2, 19
Suppose 2*d + 3*b = -0*b + 13, 3*d + 3*b - 15 = 0. Suppose -5*m = -d*m - 12. What are the prime factors of m?
2
Let n(u) be the third derivative of -u**4/12 - u**2. What are the prime factors of n(-2)?
2
Let k = -10 + 30. Suppose k = p + 3*p. Suppose j + 10 = -4*h, p*h - 2*h + 25 = j. What are the prime factors of j?
2, 5
Let o(c) = c**3 + c**2 + c + 1. Let j(l) = 3*l**3 + 6*l**2 + 3*l + 5. Let b(t) = j(t) - 5*o(t). Let n be b(-2). What are the prime factors of (n/9)/(2/15)?
2, 5
Let p(j) = 5*j**3 - 6*j**2 - j - 1. Let r(c) = -6*c**3 + 7*c**2. Let k(g) = -5*p(g) - 4*r(g). Let z be k(5). List the prime factors of z/20*16/(-6).
2, 3
Let x(g) = -5*g - 7*g - 10*g - 8*g. Let a be x(-2). Suppose 0 = -8*q + 3*q + a. What are the prime factors of q?
2, 3
Suppose -2*r - 4 = t, 0*r + 4 = 3*r - t. Let c(j) = -j**2 - j + 9. Let g be c(r). Let b = 21 - g. List the prime factors of b.
2, 3
Let c(u) = -u**2 + 7*u - 3. Let m be c(6). Suppose l - 16 = m. What are the prime factors of l?
19
Let o(m) = -18*m**3 + 2*m**2 + m. List the prime factors of o(-1).
19
Let d(b) = 5*b**2 + 2. List the prime factors of d(3).
47
Let j(p) = p + 2. Let m be j(3). Suppose m*f = -16 + 181. List the prime factors of f.
3, 11
Let h(g) be the second derivative of g**4/12 - 2*g**3/3 - 2*g**2 - 3*g. Suppose -c - 3*x + 3 = 0, -5*c - 4*x + 26 = -0*x. List the prime factors of h(c).
2
Suppose -f + 1 = -5*y - 0, 3*y + 2*f - 2 = 0. Suppose y*c = 5*c - 90. List the prime factors of c.
2, 3
Suppose 2746 = 9*o - 1007. What are the prime factors of o?
3, 139
Suppose 3*a + 18 = i, -8 = -2*i - 3*a + 64. Suppose -7*c = -5*c - i. List the prime factors of c.
3, 5
Let v be 15/((-12)/(-8) - 0). Let j(z) = z + 7. What are the prime factors of j(v)?
17
Let w(p) = -5*p - 5. Suppose -6*g + 2*g = 16. List the prime factors of w(g).
3, 5
Let a(s) = -17*s - 32. List the prime factors of a(-16).
2, 3, 5
Let y(c) = -c**3 - 15*c